{"id":3950,"date":"2021-11-19T13:22:28","date_gmt":"2021-11-19T13:22:28","guid":{"rendered":"https:\/\/www.chezlestices.fr\/CapTice\/?page_id=3950"},"modified":"2024-08-26T14:32:45","modified_gmt":"2024-08-26T14:32:45","slug":"highly-innovative-and-versatile-environment-hive","status":"publish","type":"page","link":"https:\/\/www.chezlestices.fr\/CapTice\/highly-innovative-and-versatile-environment-hive\/","title":{"rendered":"Highly Innovative and Versatile Environment &#8211; HIVE"},"content":{"rendered":"\t\t<div data-elementor-type=\"wp-page\" data-elementor-id=\"3950\" class=\"elementor elementor-3950\">\n\t\t\t\t<div class=\"elementor-element elementor-element-f559643 e-con-full e-flex wpr-particle-no wpr-jarallax-no wpr-parallax-no wpr-sticky-section-no wpr-equal-height-no e-con e-parent\" data-id=\"f559643\" data-element_type=\"container\" data-e-type=\"container\" data-settings=\"{&quot;background_background&quot;:&quot;classic&quot;}\">\n\t\t<div class=\"elementor-element elementor-element-9bcb4fb e-con-full elementor-hidden-mobile e-flex wpr-particle-no wpr-jarallax-no wpr-parallax-no wpr-sticky-section-no wpr-equal-height-no e-con e-child\" data-id=\"9bcb4fb\" data-element_type=\"container\" data-e-type=\"container\">\n\t\t\t\t<div class=\"elementor-element elementor-element-22c1696 elementor-widget__width-initial elementor-widget elementor-widget-image\" data-id=\"22c1696\" data-element_type=\"widget\" data-e-type=\"widget\" data-widget_type=\"image.default\">\n\t\t\t\t<div class=\"elementor-widget-container\">\n\t\t\t\t\t\t\t\t\t\t\t\t\t\t\t<img fetchpriority=\"high\" decoding=\"async\" width=\"400\" height=\"400\" src=\"https:\/\/www.chezlestices.fr\/CapTice\/wp-content\/uploads\/2024\/06\/feuille-IA-1.png\" class=\"attachment-large size-large wp-image-10289\" alt=\"\" srcset=\"https:\/\/www.chezlestices.fr\/CapTice\/wp-content\/uploads\/2024\/06\/feuille-IA-1.png 400w, https:\/\/www.chezlestices.fr\/CapTice\/wp-content\/uploads\/2024\/06\/feuille-IA-1-300x300.png 300w, https:\/\/www.chezlestices.fr\/CapTice\/wp-content\/uploads\/2024\/06\/feuille-IA-1-150x150.png 150w\" sizes=\"(max-width: 400px) 100vw, 400px\" \/>\t\t\t\t\t\t\t\t\t\t\t\t\t\t\t<\/div>\n\t\t\t\t<\/div>\n\t\t\t\t<\/div>\n\t\t<div class=\"elementor-element elementor-element-a7c07b8 e-flex e-con-boxed wpr-particle-no wpr-jarallax-no wpr-parallax-no wpr-sticky-section-no wpr-equal-height-no e-con e-child\" data-id=\"a7c07b8\" data-element_type=\"container\" data-e-type=\"container\">\n\t\t\t\t\t<div class=\"e-con-inner\">\n\t\t<div class=\"elementor-element elementor-element-dd991bf e-con-full e-flex wpr-particle-no wpr-jarallax-no wpr-parallax-no wpr-sticky-section-no wpr-equal-height-no e-con e-child\" data-id=\"dd991bf\" data-element_type=\"container\" data-e-type=\"container\">\n\t\t\t\t<div class=\"elementor-element elementor-element-9345396 elementor-widget elementor-widget-heading\" data-id=\"9345396\" data-element_type=\"widget\" data-e-type=\"widget\" data-widget_type=\"heading.default\">\n\t\t\t\t<div class=\"elementor-widget-container\">\n\t\t\t\t\t<h1 class=\"elementor-heading-title elementor-size-default\"> HIVE<\/h1>\t\t\t\t<\/div>\n\t\t\t\t<\/div>\n\t\t\t\t<div class=\"elementor-element elementor-element-c11cb51 elementor-widget elementor-widget-heading\" data-id=\"c11cb51\" data-element_type=\"widget\" data-e-type=\"widget\" data-widget_type=\"heading.default\">\n\t\t\t\t<div class=\"elementor-widget-container\">\n\t\t\t\t\t<p class=\"elementor-heading-title elementor-size-default\">Highly Innovative and Versatile Environment<\/p>\t\t\t\t<\/div>\n\t\t\t\t<\/div>\n\t\t\t\t<div class=\"elementor-element elementor-element-03f845d elementor-widget elementor-widget-heading\" data-id=\"03f845d\" data-element_type=\"widget\" data-e-type=\"widget\" data-widget_type=\"heading.default\">\n\t\t\t\t<div class=\"elementor-widget-container\">\n\t\t\t\t\t<p class=\"elementor-heading-title elementor-size-default\">\"Une premi\u00e8re exp\u00e9rience de recherche immersive dans un environnement propice \u00e0 la cr\u00e9ativit\u00e9, le partage et l'engagement\"<\/p>\t\t\t\t<\/div>\n\t\t\t\t<\/div>\n\t\t\t\t<\/div>\n\t\t\t\t\t<\/div>\n\t\t\t\t<\/div>\n\t\t\t\t<\/div>\n\t\t<div class=\"elementor-element elementor-element-806387a e-flex e-con-boxed wpr-particle-no wpr-jarallax-no wpr-parallax-no wpr-sticky-section-no wpr-equal-height-no e-con e-parent\" data-id=\"806387a\" data-element_type=\"container\" data-e-type=\"container\" data-settings=\"{&quot;background_background&quot;:&quot;classic&quot;,&quot;animation&quot;:&quot;none&quot;}\">\n\t\t\t\t\t<div class=\"e-con-inner\">\n\t\t<div class=\"elementor-element elementor-element-a2bef9c e-con-full e-flex wpr-particle-no wpr-jarallax-no wpr-parallax-no wpr-sticky-section-no wpr-equal-height-no e-con e-child\" data-id=\"a2bef9c\" data-element_type=\"container\" data-e-type=\"container\">\n\t\t\t\t<div class=\"elementor-element elementor-element-04a8d81 elementor-widget elementor-widget-spacer\" data-id=\"04a8d81\" data-element_type=\"widget\" data-e-type=\"widget\" data-widget_type=\"spacer.default\">\n\t\t\t\t<div class=\"elementor-widget-container\">\n\t\t\t\t\t\t\t<div class=\"elementor-spacer\">\n\t\t\t<div class=\"elementor-spacer-inner\"><\/div>\n\t\t<\/div>\n\t\t\t\t\t\t<\/div>\n\t\t\t\t<\/div>\n\t\t\t\t<div class=\"elementor-element elementor-element-4c6c06f elementor-widget__width-initial elementor-widget elementor-widget-text-editor\" data-id=\"4c6c06f\" data-element_type=\"widget\" data-e-type=\"widget\" data-widget_type=\"text-editor.default\">\n\t\t\t\t<div class=\"elementor-widget-container\">\n\t\t\t\t\t\t\t\t\t<p>Le <strong>HIVE<\/strong> est un <strong>Learning Lab<\/strong> pouvant accueillir 32 \u00e9tudiant\u00b7e\u00b7s en simultan\u00e9e, en privil\u00e9giant les <strong>p\u00e9dagogies actives<\/strong>. Cet espace \u00e0 caract\u00e8re polyvalent et modulable est optimal pour accueillir des apprentissages de tous types en<strong> connectivit\u00e9<\/strong> \u00e9largie gr\u00e2ce aux \u00e9quipements de visioconf\u00e9rence adapt\u00e9s \u00e0 la salle enti\u00e8re ou aux groupes plus restreints. De m\u00eame des sous-espaces de travail individuel ou de co-working en petits groupes sont ais\u00e9ment d\u00e9ploy\u00e9s \u00e0 l&rsquo;envie avec une friction tr\u00e8s limit\u00e9e. La <strong>convivialit\u00e9<\/strong> est aussi le ma\u00eetre mot de ce learning lab qui accueille \u00e9galement une cuisine int\u00e9gr\u00e9e et un salon pour des \u00e9changes plus informels.\u00a0<\/p>\t\t\t\t\t\t\t\t<\/div>\n\t\t\t\t<\/div>\n\t\t\t\t<div class=\"elementor-element elementor-element-a384611 elementor-widget elementor-widget-text-editor\" data-id=\"a384611\" data-element_type=\"widget\" data-e-type=\"widget\" data-widget_type=\"text-editor.default\">\n\t\t\t\t<div class=\"elementor-widget-container\">\n\t\t\t\t\t\t\t\t\t<p>Situ\u00e9 sur le campus de La Gaillarde (RDC du b\u00e2timent 33), le <strong>HIVE<\/strong> a \u00e9t\u00e9 con\u00e7u pour favoriser les interactions avec l&rsquo;<a href=\"http:\/\/www.agrofablab.fr\/\" target=\"_blank\" rel=\"noopener\">AgroFablab<\/a> et avec l&rsquo;<a href=\"https:\/\/web.supagro.inra.fr\/pmb\/opac_css\/index.php?lvl=cmspage&amp;pageid=6&amp;id_rubrique=101&amp;opac_view=1\" target=\"_blank\" rel=\"noopener\">@rchipel<\/a> (Learning center). Sa polyvalence et son attractivit\u00e9 rendent propice la r\u00e9flexion individuelle et en groupe, la convivialit\u00e9 des \u00e9changes, les travaux en \u00e9quipes projets, les expos\u00e9s pl\u00e9niers, les visioconf\u00e9rences, l&rsquo;int\u00e9gration des outils num\u00e9riques, la visualisation, le traitement, le stockage-partage de donn\u00e9es en relation avec les moyens de calculs scientifique possiblement \u00e0 distance.<\/p>\t\t\t\t\t\t\t\t<\/div>\n\t\t\t\t<\/div>\n\t\t\t\t<\/div>\n\t\t\t\t\t<\/div>\n\t\t\t\t<\/div>\n\t\t\t\t<section class=\"elementor-section elementor-top-section elementor-element elementor-element-6759e5d elementor-section-boxed elementor-section-height-default elementor-section-height-default wpr-particle-no wpr-jarallax-no wpr-parallax-no wpr-sticky-section-no wpr-equal-height-no\" data-id=\"6759e5d\" data-element_type=\"section\" data-e-type=\"section\">\n\t\t\t\t\t\t<div class=\"elementor-container elementor-column-gap-default\">\n\t\t\t\t\t<div class=\"elementor-column elementor-col-50 elementor-top-column elementor-element elementor-element-5a601f8\" data-id=\"5a601f8\" data-element_type=\"column\" data-e-type=\"column\">\n\t\t\t<div class=\"elementor-widget-wrap elementor-element-populated\">\n\t\t\t\t\t\t<div class=\"elementor-element elementor-element-1c5e30f elementor-invisible elementor-widget elementor-widget-image\" data-id=\"1c5e30f\" data-element_type=\"widget\" data-e-type=\"widget\" data-settings=\"{&quot;_animation&quot;:&quot;fadeInLeft&quot;}\" data-widget_type=\"image.default\">\n\t\t\t\t<div class=\"elementor-widget-container\">\n\t\t\t\t\t\t\t\t\t\t\t\t\t\t\t<img decoding=\"async\" width=\"768\" height=\"543\" src=\"https:\/\/www.chezlestices.fr\/CapTice\/wp-content\/uploads\/2021\/11\/Illustration_HIVE-768x543.jpg\" class=\"attachment-medium_large size-medium_large wp-image-3968\" alt=\"Illustration HIVE\" srcset=\"https:\/\/www.chezlestices.fr\/CapTice\/wp-content\/uploads\/2021\/11\/Illustration_HIVE-768x543.jpg 768w, https:\/\/www.chezlestices.fr\/CapTice\/wp-content\/uploads\/2021\/11\/Illustration_HIVE-300x212.jpg 300w, https:\/\/www.chezlestices.fr\/CapTice\/wp-content\/uploads\/2021\/11\/Illustration_HIVE-1024x724.jpg 1024w, https:\/\/www.chezlestices.fr\/CapTice\/wp-content\/uploads\/2021\/11\/Illustration_HIVE-1536x1086.jpg 1536w, https:\/\/www.chezlestices.fr\/CapTice\/wp-content\/uploads\/2021\/11\/Illustration_HIVE-2048x1448.jpg 2048w, https:\/\/www.chezlestices.fr\/CapTice\/wp-content\/uploads\/2021\/11\/Illustration_HIVE-scaled-e1637327828750.jpg 430w\" sizes=\"(max-width: 768px) 100vw, 768px\" \/>\t\t\t\t\t\t\t\t\t\t\t\t\t\t\t<\/div>\n\t\t\t\t<\/div>\n\t\t\t\t\t<\/div>\n\t\t<\/div>\n\t\t\t\t<div class=\"elementor-column elementor-col-50 elementor-top-column elementor-element elementor-element-cf6911e\" data-id=\"cf6911e\" data-element_type=\"column\" data-e-type=\"column\">\n\t\t\t<div class=\"elementor-widget-wrap elementor-element-populated\">\n\t\t\t\t\t\t<div class=\"elementor-element elementor-element-fbc2682 elementor-hidden-mobile elementor-invisible elementor-widget elementor-widget-spacer\" data-id=\"fbc2682\" data-element_type=\"widget\" data-e-type=\"widget\" data-settings=\"{&quot;_animation&quot;:&quot;fadeInRight&quot;}\" data-widget_type=\"spacer.default\">\n\t\t\t\t<div class=\"elementor-widget-container\">\n\t\t\t\t\t\t\t<div class=\"elementor-spacer\">\n\t\t\t<div class=\"elementor-spacer-inner\"><\/div>\n\t\t<\/div>\n\t\t\t\t\t\t<\/div>\n\t\t\t\t<\/div>\n\t\t\t\t<div class=\"elementor-element elementor-element-ba7b522 elementor-widget elementor-widget-text-editor\" data-id=\"ba7b522\" data-element_type=\"widget\" data-e-type=\"widget\" data-widget_type=\"text-editor.default\">\n\t\t\t\t<div class=\"elementor-widget-container\">\n\t\t\t\t\t\t\t\t\t<p>A l&rsquo;Institut Agro Montpellier, le <strong>HIVE<\/strong> renforce l&rsquo;accompagnement du <a href=\"https:\/\/www.montpellier-supagro.fr\/international\/venir-se-former-montpellier-supagro\/junior-research-lab-at\" target=\"_blank\" rel=\"noopener\">Junior Research Lab<\/a> et la strat\u00e9gie de <strong>formation par la recherche<\/strong>. Sa d\u00e9marche innovante et active encourage l&rsquo;<strong>acquisition de comp\u00e9tences pluridisciplinaires<\/strong> et l&rsquo;<strong>exp\u00e9rimentation p\u00e9dagogique<\/strong> \ud83d\ude80.<\/p>\t\t\t\t\t\t\t\t<\/div>\n\t\t\t\t<\/div>\n\t\t\t\t\t<\/div>\n\t\t<\/div>\n\t\t\t\t\t<\/div>\n\t\t<\/section>\n\t\t\t\t<section class=\"elementor-section elementor-top-section elementor-element elementor-element-6ad82e8 elementor-section-boxed elementor-section-height-default elementor-section-height-default wpr-particle-no wpr-jarallax-no wpr-parallax-no wpr-sticky-section-no wpr-equal-height-no\" data-id=\"6ad82e8\" data-element_type=\"section\" data-e-type=\"section\">\n\t\t\t\t\t\t<div class=\"elementor-container elementor-column-gap-default\">\n\t\t\t\t\t<div class=\"elementor-column elementor-col-100 elementor-top-column elementor-element elementor-element-02f8686\" data-id=\"02f8686\" data-element_type=\"column\" data-e-type=\"column\">\n\t\t\t<div class=\"elementor-widget-wrap elementor-element-populated\">\n\t\t\t\t\t\t<div class=\"elementor-element elementor-element-b9fdcef elementor-widget elementor-widget-spacer\" data-id=\"b9fdcef\" data-element_type=\"widget\" data-e-type=\"widget\" data-widget_type=\"spacer.default\">\n\t\t\t\t<div class=\"elementor-widget-container\">\n\t\t\t\t\t\t\t<div class=\"elementor-spacer\">\n\t\t\t<div class=\"elementor-spacer-inner\"><\/div>\n\t\t<\/div>\n\t\t\t\t\t\t<\/div>\n\t\t\t\t<\/div>\n\t\t\t\t<div class=\"elementor-element elementor-element-9a38ebe elementor-invisible elementor-widget elementor-widget-heading\" data-id=\"9a38ebe\" data-element_type=\"widget\" data-e-type=\"widget\" data-settings=\"{&quot;_animation&quot;:&quot;fadeIn&quot;}\" data-widget_type=\"heading.default\">\n\t\t\t\t<div class=\"elementor-widget-container\">\n\t\t\t\t\t<h2 class=\"elementor-heading-title elementor-size-default\">Financeur<\/h2>\t\t\t\t<\/div>\n\t\t\t\t<\/div>\n\t\t\t\t<div class=\"elementor-element elementor-element-5fc4b20 elementor-widget elementor-widget-image\" data-id=\"5fc4b20\" data-element_type=\"widget\" data-e-type=\"widget\" data-widget_type=\"image.default\">\n\t\t\t\t<div class=\"elementor-widget-container\">\n\t\t\t\t\t\t\t\t\t\t\t\t\t\t\t\t<a href=\"https:\/\/muse.edu.umontpellier.fr\/\" target=\"_blank\">\n\t\t\t\t\t\t\t<img decoding=\"async\" width=\"100\" height=\"50\" src=\"https:\/\/www.chezlestices.fr\/CapTice\/wp-content\/uploads\/2021\/11\/Logo_MUSE_Original-300x150-1-e1639049329136.png\" class=\"attachment-large size-large wp-image-4401\" alt=\"Logo Muse\" \/>\t\t\t\t\t\t\t\t<\/a>\n\t\t\t\t\t\t\t\t\t\t\t\t\t\t\t<\/div>\n\t\t\t\t<\/div>\n\t\t\t\t<div class=\"elementor-element elementor-element-0be2dc6 elementor-widget elementor-widget-spacer\" data-id=\"0be2dc6\" data-element_type=\"widget\" data-e-type=\"widget\" data-widget_type=\"spacer.default\">\n\t\t\t\t<div class=\"elementor-widget-container\">\n\t\t\t\t\t\t\t<div class=\"elementor-spacer\">\n\t\t\t<div class=\"elementor-spacer-inner\"><\/div>\n\t\t<\/div>\n\t\t\t\t\t\t<\/div>\n\t\t\t\t<\/div>\n\t\t\t\t\t<\/div>\n\t\t<\/div>\n\t\t\t\t\t<\/div>\n\t\t<\/section>\n\t\t<div class=\"elementor-element elementor-element-44240ab e-flex e-con-boxed wpr-particle-no wpr-jarallax-no wpr-parallax-no wpr-sticky-section-no wpr-equal-height-no e-con e-parent\" data-id=\"44240ab\" data-element_type=\"container\" data-e-type=\"container\" data-settings=\"{&quot;background_background&quot;:&quot;classic&quot;}\">\n\t\t\t\t\t<div class=\"e-con-inner\">\n\t\t<div class=\"elementor-element elementor-element-727487f e-con-full e-flex wpr-particle-no wpr-jarallax-no wpr-parallax-no wpr-sticky-section-no wpr-equal-height-no e-con e-child\" data-id=\"727487f\" data-element_type=\"container\" data-e-type=\"container\">\n\t\t\t\t<div class=\"elementor-element elementor-element-b0c3850 elementor-widget elementor-widget-heading\" data-id=\"b0c3850\" data-element_type=\"widget\" data-e-type=\"widget\" data-widget_type=\"heading.default\">\n\t\t\t\t<div class=\"elementor-widget-container\">\n\t\t\t\t\t<h2 class=\"elementor-heading-title elementor-size-default\">D\u00e9couvrez le HIVE<\/h2>\t\t\t\t<\/div>\n\t\t\t\t<\/div>\n\t\t\t\t<\/div>\n\t\t<div class=\"elementor-element elementor-element-efbc102 e-con-full e-flex wpr-particle-no wpr-jarallax-no wpr-parallax-no wpr-sticky-section-no wpr-equal-height-no e-con e-child\" data-id=\"efbc102\" data-element_type=\"container\" data-e-type=\"container\">\n\t\t\t\t<div class=\"elementor-element elementor-element-3e70c4b elementor-arrows-position-inside elementor-pagination-position-outside elementor-widget elementor-widget-image-carousel\" data-id=\"3e70c4b\" data-element_type=\"widget\" data-e-type=\"widget\" data-settings=\"{&quot;slides_to_show&quot;:&quot;1&quot;,&quot;navigation&quot;:&quot;both&quot;,&quot;autoplay&quot;:&quot;yes&quot;,&quot;pause_on_hover&quot;:&quot;yes&quot;,&quot;pause_on_interaction&quot;:&quot;yes&quot;,&quot;autoplay_speed&quot;:5000,&quot;infinite&quot;:&quot;yes&quot;,&quot;effect&quot;:&quot;slide&quot;,&quot;speed&quot;:500}\" data-widget_type=\"image-carousel.default\">\n\t\t\t\t<div class=\"elementor-widget-container\">\n\t\t\t\t\t\t\t<div class=\"elementor-image-carousel-wrapper swiper\" role=\"region\" aria-roledescription=\"carousel\" aria-label=\"Carrousel d\u2019images\" dir=\"ltr\">\n\t\t\t<div class=\"elementor-image-carousel swiper-wrapper swiper-image-stretch\" aria-live=\"off\">\n\t\t\t\t\t\t\t\t<div class=\"swiper-slide\" role=\"group\" aria-roledescription=\"slide\" aria-label=\"1 sur 4\"><figure class=\"swiper-slide-inner\"><img decoding=\"async\" class=\"swiper-slide-image\" src=\"https:\/\/www.chezlestices.fr\/CapTice\/wp-content\/uploads\/2021\/11\/HIVE1-1024x512.jpg\" alt=\"Photo hive 1\" \/><\/figure><\/div><div class=\"swiper-slide\" role=\"group\" aria-roledescription=\"slide\" aria-label=\"2 sur 4\"><figure class=\"swiper-slide-inner\"><img decoding=\"async\" class=\"swiper-slide-image\" src=\"https:\/\/www.chezlestices.fr\/CapTice\/wp-content\/uploads\/2021\/11\/HIVE-1024x512.jpg\" alt=\"espace convivialit\u00e9 HIVE\" \/><\/figure><\/div><div class=\"swiper-slide\" role=\"group\" aria-roledescription=\"slide\" aria-label=\"3 sur 4\"><figure class=\"swiper-slide-inner\"><img decoding=\"async\" class=\"swiper-slide-image\" src=\"https:\/\/www.chezlestices.fr\/CapTice\/wp-content\/uploads\/2021\/11\/HIVE2-1024x512.jpg\" alt=\"Photos HIVE2\" \/><\/figure><\/div><div class=\"swiper-slide\" role=\"group\" aria-roledescription=\"slide\" aria-label=\"4 sur 4\"><figure class=\"swiper-slide-inner\"><img decoding=\"async\" class=\"swiper-slide-image\" src=\"https:\/\/www.chezlestices.fr\/CapTice\/wp-content\/uploads\/2021\/11\/HIVE3-1024x512.jpg\" alt=\"Photos HIVE 3\" \/><\/figure><\/div>\t\t\t<\/div>\n\t\t\t\t\t\t\t\t\t\t\t\t<div class=\"elementor-swiper-button elementor-swiper-button-prev\" role=\"button\" tabindex=\"0\">\n\t\t\t\t\t\t<svg aria-hidden=\"true\" class=\"e-font-icon-svg e-eicon-chevron-left\" viewBox=\"0 0 1000 1000\" xmlns=\"http:\/\/www.w3.org\/2000\/svg\"><path d=\"M646 125C629 125 613 133 604 142L308 442C296 454 292 471 292 487 292 504 296 521 308 533L604 854C617 867 629 875 646 875 663 875 679 871 692 858 704 846 713 829 713 812 713 796 708 779 692 767L438 487 692 225C700 217 708 204 708 187 708 171 704 154 692 142 675 129 663 125 646 125Z\"><\/path><\/svg>\t\t\t\t\t<\/div>\n\t\t\t\t\t<div class=\"elementor-swiper-button elementor-swiper-button-next\" role=\"button\" tabindex=\"0\">\n\t\t\t\t\t\t<svg aria-hidden=\"true\" class=\"e-font-icon-svg e-eicon-chevron-right\" viewBox=\"0 0 1000 1000\" xmlns=\"http:\/\/www.w3.org\/2000\/svg\"><path d=\"M696 533C708 521 713 504 713 487 713 471 708 454 696 446L400 146C388 133 375 125 354 125 338 125 325 129 313 142 300 154 292 171 292 187 292 204 296 221 308 233L563 492 304 771C292 783 288 800 288 817 288 833 296 850 308 863 321 871 338 875 354 875 371 875 388 867 400 854L696 533Z\"><\/path><\/svg>\t\t\t\t\t<\/div>\n\t\t\t\t\n\t\t\t\t\t\t\t\t\t<div class=\"swiper-pagination\"><\/div>\n\t\t\t\t\t\t\t\t\t<\/div>\n\t\t\t\t\t\t<\/div>\n\t\t\t\t<\/div>\n\t\t\t\t<\/div>\n\t\t\t\t\t<\/div>\n\t\t\t\t<\/div>\n\t\t<div class=\"elementor-element elementor-element-64e9d86 e-flex e-con-boxed wpr-particle-no wpr-jarallax-no wpr-parallax-no wpr-sticky-section-no wpr-equal-height-no e-con e-parent\" data-id=\"64e9d86\" data-element_type=\"container\" data-e-type=\"container\">\n\t\t\t\t\t<div class=\"e-con-inner\">\n\t\t<div class=\"elementor-element elementor-element-7a11d45 e-con-full e-flex wpr-particle-no wpr-jarallax-no wpr-parallax-no wpr-sticky-section-no wpr-equal-height-no e-con e-child\" data-id=\"7a11d45\" data-element_type=\"container\" data-e-type=\"container\">\n\t\t\t\t<div class=\"elementor-element elementor-element-4580fe2 elementor-widget elementor-widget-spacer\" data-id=\"4580fe2\" data-element_type=\"widget\" data-e-type=\"widget\" data-widget_type=\"spacer.default\">\n\t\t\t\t<div class=\"elementor-widget-container\">\n\t\t\t\t\t\t\t<div class=\"elementor-spacer\">\n\t\t\t<div class=\"elementor-spacer-inner\"><\/div>\n\t\t<\/div>\n\t\t\t\t\t\t<\/div>\n\t\t\t\t<\/div>\n\t\t\t\t<\/div>\n\t\t\t\t\t<\/div>\n\t\t\t\t<\/div>\n\t\t\t\t<\/div>\n\t\t","protected":false},"excerpt":{"rendered":"<p>HIVE Highly Innovative and Versatile Environment \u00ab\u00a0Une premi\u00e8re exp\u00e9rience de recherche immersive dans un environnement propice \u00e0 la cr\u00e9ativit\u00e9, le partage et l&rsquo;engagement\u00a0\u00bb Le HIVE est un Learning Lab pouvant accueillir 32 \u00e9tudiant\u00b7e\u00b7s en simultan\u00e9e, en privil\u00e9giant les p\u00e9dagogies actives. Cet espace \u00e0 caract\u00e8re polyvalent et modulable est optimal pour accueillir des apprentissages de tous types en connectivit\u00e9 \u00e9largie gr\u00e2ce aux \u00e9quipements de visioconf\u00e9rence adapt\u00e9s \u00e0 la salle enti\u00e8re ou aux groupes plus restreints. De m\u00eame des sous-espaces de travail individuel ou de co-working en petits groupes sont ais\u00e9ment d\u00e9ploy\u00e9s \u00e0 l&rsquo;envie avec une friction tr\u00e8s limit\u00e9e. La convivialit\u00e9 est aussi le ma\u00eetre mot de ce learning lab qui accueille \u00e9galement une cuisine int\u00e9gr\u00e9e et un salon pour des \u00e9changes plus informels.\u00a0 Situ\u00e9 sur le campus de La Gaillarde (RDC du b\u00e2timent 33), le HIVE a \u00e9t\u00e9 con\u00e7u pour favoriser les interactions avec l&rsquo;AgroFablab et avec l&rsquo;@rchipel (Learning center). Sa polyvalence et son attractivit\u00e9 rendent propice la r\u00e9flexion individuelle et en groupe, la convivialit\u00e9 des \u00e9changes, les travaux en \u00e9quipes projets, les expos\u00e9s pl\u00e9niers, les visioconf\u00e9rences, l&rsquo;int\u00e9gration des outils num\u00e9riques, la visualisation, le traitement, le stockage-partage de donn\u00e9es en relation avec les moyens de calculs scientifique possiblement \u00e0 distance. A l&rsquo;Institut Agro Montpellier, le HIVE renforce l&rsquo;accompagnement du Junior Research Lab et la strat\u00e9gie de formation par la recherche. Sa d\u00e9marche innovante et active encourage l&rsquo;acquisition de comp\u00e9tences pluridisciplinaires et l&rsquo;exp\u00e9rimentation p\u00e9dagogique \ud83d\ude80. Financeur D\u00e9couvrez le HIVE<\/p>\n","protected":false},"author":1,"featured_media":0,"parent":0,"menu_order":0,"comment_status":"closed","ping_status":"closed","template":"elementor_header_footer","meta":{"_monsterinsights_skip_tracking":false,"_monsterinsights_sitenote_active":false,"_monsterinsights_sitenote_note":"","_monsterinsights_sitenote_category":0,"ocean_post_layout":"","ocean_both_sidebars_style":"","ocean_both_sidebars_content_width":0,"ocean_both_sidebars_sidebars_width":0,"ocean_sidebar":"","ocean_second_sidebar":"","ocean_disable_margins":"enable","ocean_add_body_class":"","ocean_shortcode_before_top_bar":"","ocean_shortcode_after_top_bar":"","ocean_shortcode_before_header":"","ocean_shortcode_after_header":"","ocean_has_shortcode":"","ocean_shortcode_after_title":"","ocean_shortcode_before_footer_widgets":"","ocean_shortcode_after_footer_widgets":"","ocean_shortcode_before_footer_bottom":"","ocean_shortcode_after_footer_bottom":"","ocean_display_top_bar":"default","ocean_display_header":"default","ocean_header_style":"","ocean_center_header_left_menu":"","ocean_custom_header_template":"","ocean_custom_logo":0,"ocean_custom_retina_logo":0,"ocean_custom_logo_max_width":0,"ocean_custom_logo_tablet_max_width":0,"ocean_custom_logo_mobile_max_width":0,"ocean_custom_logo_max_height":0,"ocean_custom_logo_tablet_max_height":0,"ocean_custom_logo_mobile_max_height":0,"ocean_header_custom_menu":"","ocean_menu_typo_font_family":"","ocean_menu_typo_font_subset":"","ocean_menu_typo_font_size":0,"ocean_menu_typo_font_size_tablet":0,"ocean_menu_typo_font_size_mobile":0,"ocean_menu_typo_font_size_unit":"px","ocean_menu_typo_font_weight":"","ocean_menu_typo_font_weight_tablet":"","ocean_menu_typo_font_weight_mobile":"","ocean_menu_typo_transform":"","ocean_menu_typo_transform_tablet":"","ocean_menu_typo_transform_mobile":"","ocean_menu_typo_line_height":0,"ocean_menu_typo_line_height_tablet":0,"ocean_menu_typo_line_height_mobile":0,"ocean_menu_typo_line_height_unit":"","ocean_menu_typo_spacing":0,"ocean_menu_typo_spacing_tablet":0,"ocean_menu_typo_spacing_mobile":0,"ocean_menu_typo_spacing_unit":"","ocean_menu_link_color":"","ocean_menu_link_color_hover":"","ocean_menu_link_color_active":"","ocean_menu_link_background":"","ocean_menu_link_hover_background":"","ocean_menu_link_active_background":"","ocean_menu_social_links_bg":"","ocean_menu_social_hover_links_bg":"","ocean_menu_social_links_color":"","ocean_menu_social_hover_links_color":"","ocean_disable_title":"default","ocean_disable_heading":"default","ocean_post_title":"","ocean_post_subheading":"","ocean_post_title_style":"","ocean_post_title_background_color":"","ocean_post_title_background":0,"ocean_post_title_bg_image_position":"","ocean_post_title_bg_image_attachment":"","ocean_post_title_bg_image_repeat":"","ocean_post_title_bg_image_size":"","ocean_post_title_height":0,"ocean_post_title_bg_overlay":0.5,"ocean_post_title_bg_overlay_color":"","ocean_disable_breadcrumbs":"default","ocean_breadcrumbs_color":"","ocean_breadcrumbs_separator_color":"","ocean_breadcrumbs_links_color":"","ocean_breadcrumbs_links_hover_color":"","ocean_display_footer_widgets":"default","ocean_display_footer_bottom":"default","ocean_custom_footer_template":"","_themeisle_gutenberg_block_has_review":false,"footnotes":""},"class_list":["post-3950","page","type-page","status-publish","hentry","entry"],"_links":{"self":[{"href":"https:\/\/www.chezlestices.fr\/CapTice\/wp-json\/wp\/v2\/pages\/3950","targetHints":{"allow":["GET"]}}],"collection":[{"href":"https:\/\/www.chezlestices.fr\/CapTice\/wp-json\/wp\/v2\/pages"}],"about":[{"href":"https:\/\/www.chezlestices.fr\/CapTice\/wp-json\/wp\/v2\/types\/page"}],"author":[{"embeddable":true,"href":"https:\/\/www.chezlestices.fr\/CapTice\/wp-json\/wp\/v2\/users\/1"}],"replies":[{"embeddable":true,"href":"https:\/\/www.chezlestices.fr\/CapTice\/wp-json\/wp\/v2\/comments?post=3950"}],"version-history":[{"count":43,"href":"https:\/\/www.chezlestices.fr\/CapTice\/wp-json\/wp\/v2\/pages\/3950\/revisions"}],"predecessor-version":[{"id":12554,"href":"https:\/\/www.chezlestices.fr\/CapTice\/wp-json\/wp\/v2\/pages\/3950\/revisions\/12554"}],"wp:attachment":[{"href":"https:\/\/www.chezlestices.fr\/CapTice\/wp-json\/wp\/v2\/media?parent=3950"}],"curies":[{"name":"wp","href":"https:\/\/api.w.org\/{rel}","templated":true}]}}